02.
254
Calculate the highest common factor of 696836259 and 1953.
1953
Calculate the greatest common divisor of 3209354 and 604.
302
Calculate the greatest common factor of 62508 and 69504.
12
What is the highest common factor of 10298686 and 649?
59
Calculate the highest common divisor of 1231344 and 1462.
34
What is the highest common divisor of 11033519 and 749?
749
Calculate the highest common divisor of 41238607 and 19.
19
Calculate the highest common divisor of 30516615 and 306.
153
What is the highest common divisor of 4556 and 416840?
68
What is the highest common factor of 10443212 and 3133?
13
What is the highest common divisor of 232 and 4223299?
29
Calculate the highest common factor of 2838 and 2248986.
258
What is the highest common divisor of 1405 and 81089013?
281
What is the highest common factor of 109194 and 426?
6
What is the highest common divisor of 2920 and 271159960?
2920
Calculate the highest common factor of 289120 and 4813570.
1390
What is the highest common factor of 16765 and 742175?
35
What is the greatest common factor of 4146912 and 833?
119
What is the highest common factor of 88083534 and 231?
231
What is the highest common divisor of 792484 and 532301?
2387
Calculate the greatest common factor of 24806353 and 1066.
533
Calculate the greatest common divisor of 21994192 and 128.
16
Calculate the greatest common factor of 10257 and 41274957.
789
Calculate the greatest common factor of 69001056 and 20.
4
Calculate the greatest common factor of 137431 and 35409808.
4739
Calculate the greatest common factor of 181285 and 1170.
65
Calculate the highest common divisor of 4750109 and 588.
49
What is the highest common factor of 10036 and 605072?
52
What is the highest common factor of 703135230 and 840?
210
What is the greatest common factor of 839468 and 47824?
196
What is the highest common divisor of 406620 and 348?
12
Calculate the greatest common factor of 4308 and 39438304.
1436
Calculate the highest common divisor of 971166 and 1197.
399
Calculate the highest common divisor of 136 and 78484240.
136
What is the greatest common divisor of 3276 and 451140417?
819
What is the greatest common divisor of 17442 and 9274248?
306
Calculate the greatest common factor of 13238848 and 623.
7
Calculate the greatest common factor of 36081398 and 218.
218
What is the greatest common divisor of 6884 and 74417761?
1721
What is the greatest common factor of 2737683 and 26559?
117
Calculate the highest common factor of 1778 and 1720.
2
Calculate the greatest common divisor of 10542 and 623406.
42
Calculate the highest common factor of 3689748 and 252.
36
What is the highest common divisor of 38560301 and 221?
221
What is the highest common factor of 1 and 191232871?
1
Calculate the greatest common factor of 1384327 and 27132.
119
What is the greatest common divisor of 55315323 and 18?
9
What is the highest common divisor of 6735490 and 6?
2
Calculate the greatest common factor of 30720 and 2314320.
240
Calculate the greatest common divisor of 1370 and 8597.
1
What is the greatest common divisor of 655445 and 60085?
305
What is the greatest common divisor of 6 and 7066200?
6
Calculate the highest common divisor of 3680 and 17620.
20
Calculate the greatest common divisor of 14320 and 123843835.
895
What is the highest common factor of 3275702 and 2?
2
What is the highest common factor of 1759689 and 1125?
9
What is the highest common factor of 1027554 and 66?
66
What is the greatest common divisor of 11659 and 361298?
131
What is the highest common factor of 1407 and 37992953?
67
Calculate the greatest common divisor of 2280 and 72162.
114
What is the highest common factor of 680 and 15330520?
40
Calculate the highest common factor of 341 and 37684251.
341
Calculate the highest common factor of 1946391 and 3168397.
6299
What is the greatest common factor of 1285699318 and 244?
122
Calculate the highest common divisor of 5512525 and 575.
575
What is the greatest common divisor of 168 and 13664602?
14
Calculate the highest common factor of 15795 and 208260.
585
Calculate the highest common divisor of 235117200 and 660.
60
What is the highest common divisor of 14447 and 455?
1
Calculate the greatest common factor of 9805040 and 3360.
560
Calculate the highest common factor of 27765 and 2084226.
1851
What is the highest common factor of 28421 and 440089?
97
What is the greatest common divisor of 687256 and 377774?
542
Calculate the greatest common factor of 261120 and 4620.
60
What is the highest common factor of 18728025 and 45?
15
Calculate the highest common divisor of 27630 and 168390.
90
What is the greatest common factor of 24713953 and 44?
11
Calculate the highest common factor of 20 and 66648720.
20
Calculate the greatest common factor of 165 and 1774455.
15
Calculate the greatest common factor of 4858763 and 28.
7
What is the highest common divisor of 240709898 and 34606?
3146
Calculate the greatest common divisor of 275297980 and 775.
155
What is the highest common divisor of 375009085 and 55?
55
What is the greatest common divisor of 33896 and 237576?
152
Calculate the highest common factor of 902 and 756122.
82
What is the highest common divisor of 27417302 and 616?
22
Calculate the greatest common factor of 2338056 and 44100.
252
What is the greatest common divisor of 10025 and 221175?
25
Calculate the greatest common factor of 596 and 12060060.
596
Calculate the greatest common divisor of 246 and 22641102.
246
What is the highest common factor of 6731000 and 87980?
1060
What is the highest common factor of 8 and 19014696?
8
What is the greatest common factor of 21796 and 13020?
4
What is the greatest common divisor of 730 and 3214322130?
730
What is the highest common divisor of 4384 and 212513852?
548
Calculate the highest common factor of 179628 and 1788.
12
What is the highest common divisor of 660573 and 10659?
57
What is the highest common divisor of 8946692 and 328?
164
Calculate the highest common divisor of 179802 and 3150.
126
What is the greatest common divisor of 250111277 and 50823?
5647
What is the greatest common divisor of 1488 and 276603576?
744
Calculate the highest common divisor of 993720 and 395.
5
What is the greatest common divisor of 168 and 1041915?
21
Calculate the greatest common factor of 40404 and 1768284.
84
Calculate the greatest common factor of 230895 and 2919.
21
Calculate the highest common divisor of 265 and 14840477.
53
What is the highest common divisor of 2851320 and 3510?
30
What is the highest common factor of 12802818 and 4116?
2058
What is the greatest common divisor of 245839200 and 960?
480
Calculate the greatest common divisor of 4104 and 1743972.
228
Calculate the greatest common divisor of 2300 and 218938.
2
What is the highest common divisor of 909495 and 12015?
135
What is the highest common factor of 444 and 60913692?
444
What is the greatest common divisor of 11 and 12393913?
1
What is the greatest common factor of 7178373 and 123119?
5353
Calculate the highest common divisor of 2477267 and 377.
377
Calculate the greatest common divisor of 392468 and 521796.
236
Calculate the highest common factor of 160223949 and 333.
333
Calculate the highest common divisor of 143406 and 310.
62
What is the highest common divisor of 22795710 and 117530?
5110
What is the greatest common factor of 6047277 and 5944?
743
What is the greatest common divisor of 59880500 and 5658?
1886
Calculate the highest common divisor of 148324 and 214874.
22
What is the greatest common divisor of 1478830 and 1462?
34
What is the highest common factor of 14272 and 2077504?
64
Calculate the highest common factor of 186268 and 1604.
4
What is the highest common divisor of 223883765 and 280?
35
Calculate the highest common divisor of 6308 and 1006759954.
3154
What is the greatest common divisor of 530553 and 4747?
101
What is the highest common divisor of 943119964 and 614?
614
What is the highest common factor of 1333 and 434806?
31
Calculate the highest common divisor of 528 and 1456368.
48
Calculate the highest common divisor of 26816747 and 123.
41
Calculate the highest common factor of 449438 and 19778.
682
What is the greatest common factor of 379160 and 18040?
40
What is the greatest common divis